ided by 18.
16
Suppose 56*v - 101929 - 108780 = 57139. Calculate the remainder when v is divided by 145.
143
Suppose 0 = -3*z + 164 - 152, -i - 4*z = -1972. Calculate the remainder when i is divided by 46.
24
Suppose 5*h + 4*k - 10 = 0, -4*h + k - 2 = -5*h. Suppose 4*s - 5*s - 40 = -5*m, -4*m + 41 = s. What is the remainder when m is divided by h?
1
Suppose -f - 5*z = -23, 2*f + 35 = z + 114. Suppose 0 = 5*l + m - 82, 5*m + 31 = 4*l + 6. What is the remainder when f is divided by l?
8
Suppose 4*o + 99 = -0*o + l, -5*l = -15. Let u = o - -73. Calculate the remainder when u is divided by 6 + 4 - (-3 + 3).
9
Suppose -273 = -9*j + 465. Suppose 375 - 1216 = -29*p. Calculate the remainder when j is divided by p.
24
Let d = -16806 + 16903. Calculate the remainder when 446 is divided by d.
58
Suppose 40 = 9*i - 4*i. Suppose -5*w = -18*w + 39. Calculate the remainder when (60/i)/((-9)/(-12)) is divided by w.
1
Let y = 267 - 133. What is the remainder when y is divided by ((-30)/4)/((-976)/10248 - 10/84)?
29
Suppose -4*c + 4*b + 980 = 0, -4*c - 2*b - b + 966 = 0. What is the remainder when c is divided by 23?
13
Let b(w) = -w**3 + 7*w**2 - w + 7. Let l be b(6). Let a = -22 + l. Let g = -49 - -57. What is the remainder when a is divided by g?
7
Let n(j) = 32*j - 137. Let w(u) = -162*u + 687. Let i(g) = 21*n(g) + 4*w(g). Calculate the remainder when i(8) is divided by -17*(-4)/2 - 2.
31
Let k = 1176 - 1147. Calculate the remainder when 75 is divided by k.
17
Let a(g) = 24*g - 111. Let j be 6/21 + (-693)/(-147). Calculate the remainder when 69 is divided by a(j).
6
Suppose 5*l - 396 = -4*o - 55, -o = -l - 74. What is the remainder when 152 is divided by o?
73
Let z be (((-3)/3)/2)/((-1)/14). Let l be (3 + z)/(4 - (-2 - -5)). Suppose 0 = -l*x + 4*x + 168. What is the remainder when 53 is divided by x?
25
Suppose d - 74 = 4*r - 387, 2*r = -2*d + 144. Calculate the remainder when 220 is divided by r.
66
Suppose 82*y = 748 + 1005 - 277. Suppose 3*q - 279 = -q - 3*g, -2*q + 135 = -3*g. What is the remainder when q is divided by y?
15
Suppose -24*a - 14 = -31*a. What is the remainder when (a/8)/((-58)/(-116696)) is divided by 21?
20
Let r(l) = -393 + 8*l**2 + 2*l + 393. Let b be r(-1). Suppose b*p - 3*p = 165. Calculate the remainder when p is divided by 28.
27
Let h(c) = c**2 + 182*c + 3442. Calculate the remainder when 288 is divided by h(-161).
44
Suppose y - 4*d - 113 = -0*y, -2*y + 3*d = -226. Calculate the remainder when 1464 is divided by y.
108
Suppose -169*s - 8930 = -188*s. Calculate the remainder when s is divided by 24.
14
Let t = -50 - -95. Suppose -8*f - 13 + t = 0. Suppose f*o - 2*w - 62 = 0, o + 5*w = 5*o - 59. What is the remainder when 77 is divided by o?
13
Suppose -2*p - 3*p = -150. Let s = 47 + -9. Calculate the remainder when s is divided by p.
8
Suppose 23*y - 109 + 1029 = 0. Let r = 43 - y. What is the remainder when r is divided by (-70)/3*6/(-5)?
27
Let l = -1062 + 88. Let t(c) = c**3 - 7*c**2 + 12*c + 14. Calculate the remainder when l/(-10) + 4/(-10) is divided by t(6).
47
Suppose 5*m - 256 = -291, -p + 3*m = -36. Calculate the remainder when 504 is divided by p.
9
Suppose -w - 4*w - 1200 = 0. Suppose 16*s - 108 + 12 = 0. Calculate the remainder when w/(-25) - (-4)/10 is divided by s.
4
Let u = 55 + -23. Let n = u - 14. What is the remainder when n is divided by 70/(-4)*(-2)/(-175)*-25?
3
Calculate the remainder when 284 is divided by 2*3/(-24)*4*(-207)/9.
8
Suppose -24921 = -7*q - 110*q. What is the remainder when 11711 is divided by q?
209
Suppose 27*p + 116*p = -210*p + 171911. What is the remainder when p is divided by 8?
7
Suppose -2*s + 18 - 8 = 0. Suppose s*f + 5 = 195. Let x = 109 - 88. What is the remainder when f is divided by x?
17
Calculate the remainder when 521 is divided by (6 + -10)*(-8)/(-32)*-6 - -76.
29
Let s(m) = m**2 - 2 - 7*m + 3*m**2 + m**2 - 6*m**2. Let y be s(-9). What is the remainder when 17 is divided by ((-10)/y)/(1/8)?
1
Let o(s) = -s**3 + 51*s**2 - 55*s + 297. Calculate the remainder when o(50) is divided by (-32)/12*(-3)/2.
3
Suppose 3*w + 2*r + 13 = 0, 4*w = -3*r + 5*r - 36. Let v(y) = -y**3 + 28*y + 19. What is the remainder when v(w) is divided by 21?
19
Suppose -2*w - 2*w + 870 = 3*n, -w + 211 = 4*n. Suppose -173*f - 29*f - 4947 = -7573. What is the remainder when w is divided by f?
11
Let x(y) = -y**2 - 17*y - 23. Let r(j) = -j**2 + 23*j - 29. Let n be r(21). Suppose n*q + 227 - 58 = 0. What is the remainder when x(q) is divided by 3?
2
Let w(m) = -10*m + 1786. What is the remainder when w(90) is divided by 382?
122
Suppose -5*m - 4*a = -2*m + 8, -4*a - 20 = 0. What is the remainder when 9 - 10/m*-2 is divided by 6?
2
Let s be (18/(-12))/(-3 - 324/(-112)). Suppose -s*n + 653 = -859. Calculate the remainder when n is divided by 11.
9
Let y(v) = v**3 + 11*v**2 - 2*v - 4. Suppose -5*u = -3*t - 8, 5*u - 19 = 11*t - 7*t. Calculate the remainder when 96 is divided by y(t).
6
Suppose -11*d + 12 = -5*d. Suppose x - 3*u = 29, 0 = 3*x - d*u - 2*u - 77. Suppose -4*t = -43 - 321. Calculate the remainder when t is divided by x.
22
Suppose 0*d - 2*d - 4*n + 24 = 0, 18 = 5*d - 4*n. Calculate the remainder when ((-180)/60)/((-1)/(-28)*-3) is divided by d.
4
Let q(g) = -7*g**2 + 62*g + 13. Let f be q(9). Suppose -f*a + 5*o + 116 = 0, 2*a - 6*o - 46 = 12. What is the remainder when 521 is divided by a?
28
Let v = -31 - -34. Suppose -a = -v - 2. Suppose 2*l - 45 = -3*t + 27, 3*t - a*l = 51. What is the remainder when 109 is divided by t?
21
Suppose 22*s + 118*s - 43260 = 0. Calculate the remainder when s is divided by 154.
1
Suppose 48*a - 2*v = 53*a - 11697, -7038 = -3*a + v. Calculate the remainder when a is divided by 29.
23
Let g(y) = 11*y**2 + 9*y - 38. Let f be g(3). Suppose 10*r - f - 112 = 0. Calculate the remainder when 157 is divided by r.
17
Let x be (3 - -33)/9 + 54 + -1. Suppose 3*h + x = 45, -h = -5*y + 1744. Calculate the remainder when y is divided by 25.
23
Suppose 40*p - 6434 - 7286 = 0. What is the remainder when p is divided by 111?
10
What is the remainder when 529 is divided by (-4)/(-1)*((-176)/(-64) + 0)?
1
Suppose -50*g - 67 = -51*g. Calculate the remainder when 93 is divided by g.
26
Suppose 2*h - 96 - 9 = 3*n, 3*n = -5*h + 210. Let y = 94 + -60. What is the remainder when h is divided by y?
11
Let u(n) = -86*n - 847. Calculate the remainder when 8018 is divided by u(-10).
10
Suppose 6*m - 1 = 83 - 18. Calculate the remainder when 2627 is divided by m.
9
Calculate the remainder when (7 - -5 - 6)*2306/12 is divided by 15.
13
Suppose -13*a - 2160 = -2381. What is the remainder when 85 is divided by a?
0
What is the remainder when 1957 is divided by ((-112)/10)/(((-3624)/180 - -8) + 12)?
25
Suppose -1082*o = -1076*o - 10554. Calculate the remainder when o is divided by 40.
39
Suppose -4*y = 101 - 325. Let u = 56 - y. Suppose -6*w - w + 161 = u. What is the remainder when w is divided by 5?
3
Suppose 4*k - 55 = -b, 0 = -k - b + 4*b + 4. Let d = k - 5. Calculate the remainder when ((-6580)/280)/(3/(-6)) is divided by d.
7
Let q be ((-10)/50 + (-51)/(-30))*-2. Calculate the remainder when (29 + 24/q)*5 is divided by 18.
15
Let s(z) = 2*z - 1. Let w be (-4)/2 - (-29 + 25). Suppose -4*q = -w*l, -20*l - 3*q = -15*l - 13. What is the remainder when l is divided by s(1)?
0
Let o = -125 - -128. Calculate the remainder when 199 is divided by 1*(o + 1 + 46).
49
Let f(z) = 37*z + 188. What is the remainder when 4035 is divided by f(-4)?
35
Suppose 0 = 2*x + 5*y - 30, 18 = 3*x + 2*y - 27. Let o be 0*(-2 - x/(-6)). Suppose 8*u - 2 - 46 = o. Calculate the remainder when u is divided by 5.
1
Suppose i - 5*c - 4 = -2*i, -i + 1 = -2*c. Suppose -2*s - 7 = -m - 0*s, i*m - 30 = 3*s. Let j = -10 + m. What is the remainder when j is divided by 2?
1
Suppose -5*g - 740 = -44*x + 42*x, 0 = -3*x - 5*g + 1035. What is the remainder when x is divided by 23?
10
Let b(z) = 3*z**2 - 3*z. Let c(s) = -29*s + 9. Let y(p) = 30*p - 10. Let t(r) = -4*c(r) - 3*y(r). Calculate the remainder when b(4) is divided by t(1).
16
Let c(n) be the first derivative of 6*n**2 - 105*n - 36. Calculate the remainder when 179 is divided by c(10).
14
Let x = 420 + -708. Calculate the remainder when 111 is divided by x/(-4) - 4 - (-18)/(-3).
49
